{"id":272,"date":"2018-04-19T13:27:25","date_gmt":"2018-04-19T13:27:25","guid":{"rendered":"http:\/\/www.todoacoples.com.ar\/acoplamientos-rotular\/?page_id=272"},"modified":"2018-04-19T16:25:01","modified_gmt":"2018-04-19T16:25:01","slug":"rotular","status":"publish","type":"page","link":"http:\/\/www.todoacoples.com.ar\/acoplamientos-rotular\/rotular\/","title":{"rendered":"Rotular"},"content":{"rendered":"<p>Somos la \u00fanica empresa en el pa\u00eds que fabricamos todas las l\u00edneas de acoples (el\u00e1sticos, semiel\u00e1sticos, r\u00edgidos, con estrellas de nitrilo, de poliamida, de junta dentada, a cadena).<\/p>\n","protected":false},"excerpt":{"rendered":"<p>Somos la \u00fanica empresa en el pa\u00eds que fabricamos todas las l\u00edneas de acoples (el\u00e1sticos, semiel\u00e1sticos, r\u00edgidos, con estrellas de nitrilo, de poliamida, de junta dentada, a cadena).<\/p>\n","protected":false},"author":1,"featured_media":0,"parent":0,"menu_order":0,"comment_status":"closed","ping_status":"closed","template":"","meta":[],"_links":{"self":[{"href":"http:\/\/www.todoacoples.com.ar\/acoplamientos-rotular\/wp-json\/wp\/v2\/pages\/272"}],"collection":[{"href":"http:\/\/www.todoacoples.com.ar\/acoplamientos-rotular\/wp-json\/wp\/v2\/pages"}],"about":[{"href":"http:\/\/www.todoacoples.com.ar\/acoplamientos-rotular\/wp-json\/wp\/v2\/types\/page"}],"author":[{"embeddable":true,"href":"http:\/\/www.todoacoples.com.ar\/acoplamientos-rotular\/wp-json\/wp\/v2\/users\/1"}],"replies":[{"embeddable":true,"href":"http:\/\/www.todoacoples.com.ar\/acoplamientos-rotular\/wp-json\/wp\/v2\/comments?post=272"}],"version-history":[{"count":8,"href":"http:\/\/www.todoacoples.com.ar\/acoplamientos-rotular\/wp-json\/wp\/v2\/pages\/272\/revisions"}],"predecessor-version":[{"id":292,"href":"http:\/\/www.todoacoples.com.ar\/acoplamientos-rotular\/wp-json\/wp\/v2\/pages\/272\/revisions\/292"}],"wp:attachment":[{"href":"http:\/\/www.todoacoples.com.ar\/acoplamientos-rotular\/wp-json\/wp\/v2\/media?parent=272"}],"curies":[{"name":"wp","href":"https:\/\/api.w.org\/{rel}","templated":true}]}}